emainder when t(-3) is divided by 16?
13
Suppose 0 = 4*f + 2*x - 66, -f + 2*x + 30 = 7*x. Suppose 0 = 5*j - 0*j - f. What is the remainder when 5*(189/15)/j is divided by 11?
10
Suppose -2*i - 10 = m, 4*i = 5*m + 3*i + 94. Calculate the remainder when 28 is divided by (-3 - m)/((-3)/(-2)).
8
Suppose 4*n = -n + 230. Calculate the remainder when n is divided by 8.
6
Let s(q) = -133*q**3 + q**2 + 2*q + 1. Let g be s(-1). Suppose -5*v = -43 + g. Let f = v - -34. Calculate the remainder when 45 is divided by f.
13
Let v be (-346)/(-4) + 2/4. Let l = 130 - v. Calculate the remainder when l is divided by 22.
21
Let s(y) = y - 3. Let f be s(-6). Let c = -3 - f. Calculate the remainder when c is divided by 4.
2
Suppose 0 = 3*v + v - 5*k - 80, -2*v = k - 26. What is the remainder when v is divided by 8?
7
Suppose -4*r = 20, -37 - 62 = -4*m + 3*r. Let t be 39/(-2) + (-2)/4. What is the remainder when 248/t*(-1 + -4) is divided by m?
20
Let n(h) = -h**3 + 6*h**2 - 9. What is the remainder when 68 is divided by n(4)?
22
Let z(w) = 3*w - 24. What is the remainder when z(18) is divided by 8?
6
Let c = 3 + -2. Let i = 148 - 147. What is the remainder when c is divided by i?
0
Suppose 20 = -y + 3*y + 4*j, 4*j - 32 = -3*y. Calculate the remainder when 33 is divided by y.
9
Let m(u) = -u**3 - 18*u**2 + 18*u - 5. Let l(j) = -j**3 - 7*j**2 + 4. Calculate the remainder when m(-19) is divided by l(-7).
2
Suppose 2*t - 4 = -5*z + 5, 0 = -4*z - 4. Calculate the remainder when t is divided by 1.
0
Suppose 16 - 1 = g. What is the remainder when 57 is divided by g?
12
Suppose -h - 2*h + 18 = 0. Suppose -4*k + 1 = s, 3*s + 2*s - 2*k - 5 = 0. Calculate the remainder when h is divided by (0 + 1)*(1 + s).
0
Suppose -5*y + 63 = -2*t, -3*t + 5*t = -y + 3. Let h(d) = -22*d - 3. Calculate the remainder when h(-2) is divided by y.
8
Let z(m) = -m**3 - 10*m**2 + 10*m + 4. Let f be z(-11). Let l = -7 + f. What is the remainder when l is divided by 5?
3
Suppose 0 = -2*f + 2 + 20. Let y = -3 + 7. Suppose 3*u - u + 28 = y*b, 0 = 4*b + u - 22. Calculate the remainder when f is divided by b.
5
Let k be 4 + 1*-2 + 1. Let m(r) = -2*r**3 - 4*r - 4*r + r**3 - 8*r**2 + k. What is the remainder when 28 is divided by m(-7)?
8
Let c be 6 + -5 + 1 + -3. Let b = c - -11. Let t(o) = 6*o. Calculate the remainder when b is divided by t(1).
4
Let l = 50 - 23. What is the remainder when 78 is divided by l?
24
Suppose 2*k - 2429 = -y, k + 2*y = -0*k + 1219. Let v = k + -1829. Calculate the remainder when 1/3 + v/(-24) is divided by 14.
12
Let v(s) = -s**2 + 19*s - 15. Let m = 0 - -13. What is the remainder when v(m) is divided by 16?
15
Suppose 2*f = -2*f + 32. Calculate the remainder when 4 - 2 - 36/(-3) is divided by f.
6
Let x = -28 - -66. Let s = -2 - -5. Suppose -3*c = 2*c + 2*j - 61, 6 = -s*j. Calculate the remainder when x is divided by c.
12
Let c = 5 - 2. Suppose 7*j = -b + 2*j - 25, 4*j = -5*b - 20. Suppose b*n = 3*n - 24. Calculate the remainder when n is divided by c.
2
Suppose 0 = -2*w + 7*g - 4*g + 17, 0 = 5*w + 2*g + 5. Suppose -3*j + 34 = -4*t + w, 0 = -5*j - 4*t + 23. What is the remainder when 13 is divided by j?
6
Suppose 3*m - 4*p - 20 = 2*m, -69 = -4*m + 5*p. What is the remainder when 61 is divided by m?
13
Suppose -5*b - 775 = -10*b. Calculate the remainder when b is divided by 39.
38
Suppose -28 - 62 = -3*k. Calculate the remainder when k is divided by 8.
6
Suppose z = 4*z - 18. Suppose 15 = 3*f, z*u - u + 2*f = 75. Suppose 3*o = 3*p - 2*o - 111, o = 5*p - 185. What is the remainder when p is divided by u?
11
Suppose -6*p + 4*p = -4. Suppose -2 = -3*d + 7, 5*q - p*d = 54. Suppose -x + 13 = -q. What is the remainder when x is divided by 9?
7
Let u(h) be the second derivative of h**4/12 + h**3/6 + 9*h**2 + 3*h. What is the remainder when 52 is divided by u(0)?
16
Let w(o) = 30*o**2 - 2*o + 1. Calculate the remainder when w(1) is divided by 8.
5
Let d(i) = -3*i - 9. Let r(u) = -u - 3. Let h(m) = 2*d(m) - 7*r(m). Let k be h(-3). Suppose 0 = 2*c - k - 28. Calculate the remainder when 27 is divided by c.
13
Let t = 20 - 12. What is the remainder when 23 is divided by t?
7
Let n(d) = 2*d**3 - 2*d**2 + 2*d - 3. Let j be (-21)/28 + (-37)/4. Let f = j - -14. What is the remainder when n(2) is divided by f?
1
Let s(f) = -f**2 + 9*f - 1. Let d be s(8). Let b = 29 - d. Calculate the remainder when 86 is divided by b.
20
Let k = -57 - -82. Calculate the remainder when 99 is divided by k.
24
What is the remainder when 81 is divided by 12/90 + 418/15?
25
Suppose -p - 4 = -2*t + t, 2*t - 4 = 3*p. Suppose t = -0*k + 2*k. Suppose y = -2*j + 14, 0 = k*y + 10 + 6. Calculate the remainder when 25 is divided by j.
7
Calculate the remainder when 23 is divided by (-714)/(-54) + 6/(-27).
10
What is the remainder when 1*((-3)/(-1) - -6) is divided by 3?
0
Suppose 0 = -5*q + 104 + 6. Suppose 0 = -0*v + 2*v - 16. Calculate the remainder when q is divided by v.
6
Let v be 10/5 + (-1 - -1). Suppose -3*q = 2*m - 35, -q - 47 = -v*m - m. What is the remainder when m is divided by 9?
7
Let l(s) = -4*s**2 - 2*s + 2. Let w be l(1). What is the remainder when 13 is divided by (-3 - w)*5/1?
3
Suppose 4*f - 264 = -4*j - 8, -4*f = -j + 64. Suppose 2*q = 3*q. Suppose q = 3*n - 5*n + 44. Calculate the remainder when j is divided by n.
20
What is the remainder when 69 is divided by (24/(-5))/((-4)/10)?
9
Let z = 239 - -43. What is the remainder when z is divided by 15?
12
Let w = -29 - -55. Let c(y) = y**2 - 10*y - 25. What is the remainder when w is divided by c(13)?
12
Suppose 125 = 5*n - 20. Calculate the remainder when n is divided by 8.
5
Suppose 0*v = -5*v, 5*v = 3*t - 9. Calculate the remainder when (-2 + 1)/(1/(-7)) is divided by t.
1
Let x be 57/5 + 6/(-15). Suppose 1 = a - x. Suppose -93 = -3*z + 3*m, 2*m - 4 = m. Calculate the remainder when z is divided by a.
11
Let y = -13 + 144. Suppose 3*v - y = -v + 3*k, -k + 82 = 3*v. Calculate the remainder when v is divided by 8.
5
Let v be (3/(-9))/(2/6). Let a(f) = 3*f**3 - 5*f**2 + 2*f + 1. What is the remainder when a(3) is divided by (0/v)/(-2) + 15?
13
Let l = -8 - -6. Let x be (12/(-9) - l)*3. Suppose -x*m = -3*m + 15. What is the remainder when m is divided by 8?
7
Let r be 6/30 + 9/5. Let c = 16 - r. Calculate the remainder when 38 is divided by c.
10
Suppose -4*k - 12 = -4*o, 2*o - 2*k + 29 = 7*o. What is the remainder when 16 is divided by o?
1
Suppose 0 = 5*x - 5 - 50. Let i = x - -5. Let a(b) = b**2 + 8*b - 2. What is the remainder when a(-13) is divided by i?
15
Let m(i) = i + 9. Let u be m(-4). Suppose -21 = -u*g + 9. Calculate the remainder when 17 is divided by g.
5
What is the remainder when 91 is divided by 1 + -3 + 5 - -20?
22
Let a = 21 + -13. Suppose -12 = -2*w + a. Let r(v) = v**3 - 4*v**2 - 7. What is the remainder when r(5) is divided by w?
8
Let w = -4 + 7. What is the remainder when 9 is divided by w?
0
Suppose -i - 104 = -2*d - 2*i, 0 = -3*i. Calculate the remainder when d is divided by 27.
25
Let g be 2*1/2 + -2. Calculate the remainder when (-5)/g + (-12)/4 is divided by 2.
0
Let v = -7 + 12. Suppose -98 + 3 = -5*i. Calculate the remainder when i is divided by v.
4
Suppose -2*b + 44 = 4*o + 2*b, 4*o = b + 44. Let k(y) = -2*y - 5. Let c be k(-4). Calculate the remainder when o is divided by 4 - 4 - (-9)/c.
2
Suppose 2*z - 8 = 14. Calculate the remainder when 17 is divided by z.
6
Let l(g) = 36*g - 1. Suppose m - 36 = -m. Calculate the remainder when l(1) is divided by m.
17
Calculate the remainder when (0 - -1)/((-2)/(-16)) is divided by 5.
3
Calculate the remainder when 171 is divided by 23/(-92) - 173/(-4).
42
Let j be 6/(-27) - 20/(-9). Calculate the remainder when 21/12*(26 + j) is divided by 13.
10
What is the remainder when 26 is divided by (-14 - 2)/(7 - 8)?
10
Let k(m) = -m. Let c be k(-1). Calculate the remainder when 8 is divided by -5*3/(-5)*c.
2
Let h = 78 + -70. Calculate the remainder when 31 is divided by h.
7
Suppose 5*y + 98 = 4*x, 4*x + y + y - 112 = 0. What is the remainder when x is divided by 7?
6
Let n = 114 - 45. Let d = n + -34. What is the remainder when d is divided by 12?
11
Let q = -32 + 16. What is the remainder when (9/6)/(6/16) is divided by 6/(-4)*q/12?
0
Let d(h) = 3*h**2 - 12*h + 17. Calculate the remai